(p) = -p**3 - 19*p**2 + 5*p + 14. Calculate t(-19).
-81
Let g(z) = -z**3 - 36*z**2 + 4*z + 161. Determine g(-36).
17
Let f(n) = 2*n**3 - n**2 - 2*n + 1. What is f(-2)?
-15
Let g(o) = 20*o + 91. Give g(-4).
11
Let z(s) = 7*s - 140. Calculate z(21).
7
Let y(v) = v**2 + 14*v + 4. Give y(-14).
4
Let p(t) = -4*t - 6. Determine p(-9).
30
Let c(j) = j**3 - 16*j**2 - 16*j - 20. What is c(17)?
-3
Let q(x) = -x**2 + 60*x + 394. Give q(-6).
-2
Let x(i) = 2*i**3 + 10*i**2 + i + 5. Determine x(-5).
0
Let h(w) = -w**3 + 12*w**2 - 9*w - 14. What is h(6)?
148
Let s(i) = -i**3 + 7*i**2 - 7*i - 6. What is s(4)?
14
Let u(m) = 2*m**3 - 9*m**2 + 4. Calculate u(6).
112
Let a(p) = p**3 - 2*p**2 + 9*p + 22. What is a(-3)?
-50
Let h(f) = -f - 8. Determine h(7).
-15
Let a(j) = -j**3 - 16*j**2 + 36*j - 6. Calculate a(-18).
-6
Let o(p) = p**2 - 12*p. Determine o(12).
0
Let b(h) = 30*h + 12. Give b(-7).
-198
Let t(v) = v**2 - 19*v + 30. Determine t(17).
-4
Let h(b) = b**2 + 11*b + 1. Calculate h(-11).
1
Let j(n) = n**2 + 13*n + 2. Determine j(-18).
92
Let h(b) = b**2 - 15*b - 25. Determine h(16).
-9
Let y(v) = v**3 + 62*v**2 + 122*v + 114. Give y(-60).
-6
Let f(r) = 10*r**3 + 3*r**2 + 2*r - 4. Give f(-2).
-76
Let h(a) = -14*a**3 - 5*a - 5. Determine h(-1).
14
Let w(r) = r**3 + 2*r**2 - 6*r - 2. Determine w(-4).
-10
Let i(a) = 2*a - 16. Determine i(10).
4
Let x(f) = -9*f - 21. Calculate x(-4).
15
Let i(h) = h**3 - 8*h**2 + 14*h + 11. Determine i(5).
6
Let i(b) = 2*b + 27. Determine i(-15).
-3
Let w(q) = -2*q + 3. Determine w(2).
-1
Let a(y) = y + 25. Calculate a(-17).
8
Let l(t) = -t**2 - 7*t + 34. Determine l(-10).
4
Let d(t) = t**2 - 8*t - 9. Calculate d(6).
-21
Let t(s) = -s**2 - 70*s + 461. What is t(-76)?
5
Let x(k) = k**3 - 16*k**2 + 11*k + 44. Calculate x(15).
-16
Let a(s) = 2*s**2 - 29*s + 32. What is a(14)?
18
Let q(o) = o + 6. Give q(4).
10
Let s(h) = -h + 19. Give s(-20).
39
Let x(k) = -k**3 - 12*k**2 - 36*k - 7. Determine x(-5).
-2
Let r(t) = -7*t**3 + t**2 - t - 1. Give r(-1).
8
Let h(y) = -y**3 - 9*y**2 + 3*y + 4. What is h(-9)?
-23
Let x(v) = v**3 + 8*v**2 + 2*v - 9. Determine x(-7).
26
Let t(g) = -g**2 + 15*g - 10. Give t(11).
34
Let l(o) = o**2 - o + 11. Calculate l(0).
11
Let o(f) = f**2 + 11*f - 14. Calculate o(-8).
-38
Let a(b) = -6*b**2 - 50*b - 12. Calculate a(-8).
4
Let p(k) = -k**3 + 5*k**2 - 2*k - 1. Calculate p(3).
11
Let z(l) = -2*l**3 + 8*l**2 - 4*l - 6. Determine z(3).
0
Let x(t) = -59*t - 62. Determine x(-1).
-3
Let k(d) = 3*d**2 - 11*d - 10. Calculate k(6).
32
Let r(f) = f**2 - 56. What is r(-8)?
8
Let z(y) = y**3 + 21*y**2 - 21*y + 11. Calculate z(-22).
-11
Let i(u) = -2*u - 1. Determine i(-8).
15
Let v(t) = -10*t - 25. Determine v(-3).
5
Let x(k) = -k**2 + 7*k - 19. Give x(4).
-7
Let v(i) = i**3 + 11*i**2 + 14*i - 8. Determine v(-10).
-48
Let z(d) = -101*d + 287. Calculate z(3).
-16
Let s(o) = -o**3 - 4*o**2 + o - 1. Determine s(-4).
-5
Let g(m) = -m**2 + 3*m + 1. What is g(4)?
-3
Let c(u) = u**3 - 8*u**2 + 6*u - 9. Calculate c(8).
39
Let o(b) = -b**3 - 11*b**2 - 9*b + 6. Calculate o(-10).
-4
Let a(c) = c**2 - 7*c - 2. Give a(8).
6
Let n(s) = s**2 + 17*s + 19. Calculate n(-16).
3
Let p(u) = -u**2 - 11*u - 12. Give p(-4).
16
Let s(t) = 7*t + 138. Give s(-17).
19
Let w(h) = 6*h + 215. Give w(-39).
-19
Let w(n) = 41*n**2 + 2*n - 1. What is w(1)?
42
Let b(o) = -o**3 + 7*o**2 - 12*o + 13. Calculate b(4).
13
Let i(v) = -6*v**2 + 8*v - 9. Calculate i(5).
-119
Let o(t) = t**3 + 5*t**2 - 7*t + 6. Give o(-6).
12
Let n(w) = -w**3 - 20*w**2 + 2*w + 24. What is n(-20)?
-16
Let u(t) = -t**2 - t - 3. What is u(4)?
-23
Let k(j) = j - 4. Determine k(9).
5
Let f(q) = 3*q - 24. Calculate f(10).
6
Let k(r) = -10*r - 200. Calculate k(-20).
0
Let a(w) = w**3 + 10*w**2 - 10*w + 16. Give a(-11).
5
Let i(k) = -7*k**2 + k - 1. Give i(-2).
-31
Let w(x) = -x**2 + 15*x - 42. Calculate w(5).
8
Let s(y) = 3*y**2 + 42*y + 156. Give s(-5).
21
Let f(m) = 16*m - 4. Give f(-4).
-68
Let x(h) = -2*h**3 + 2*h**2 - 3*h + 8. Calculate x(2).
-6
Let q(a) = -a**3 - 5*a**2 + 7*a + 8. What is q(-6)?
2
Let n(t) = t**2 + 6*t - 56. Give n(-11).
-1
Let p(z) = -z**3 + 9*z**2 - 12*z + 7. Calculate p(7).
21
Let m(w) = 13*w**2 + 104*w + 4. What is m(-8)?
4
Let g(m) = -2*m**2 - 2*m + 5. Determine g(-3).
-7
Let n(l) = -l**2 - 17*l - 7. Determine n(-5).
53
Let k(v) = 8*v**2 + 2*v + 3. Determine k(-2).
31
Let c(s) = -15*s**2 - 119*s + 7. Give c(-8).
-1
Let d(x) = 13*x - 84. Determine d(7).
7
Let a(z) = -17*z - 132. Calculate a(-5).
-47
Let v(p) = -9*p - 63. Calculate v(-14).
63
Let s(d) = d**2 - 7*d - 34. Determine s(-4).
10
Let g(y) = y**3 - 5*y**2 + 4*y + 1. Calculate g(6).
61
Let z(d) = -29*d - 5. What is z(-2)?
53
Let f(x) = 2*x + 14. What is f(-7)?
0
Let t(g) = 10*g + 6. Give t(-1).
-4
Let f(g) = -8*g - 19. Calculate f(-5).
21
Let z(i) = -3*i - 7. Calculate z(-4).
5
Let f(m) = 2*m + 7. Calculate f(9).
25
Let w(a) = -a**3 - 15*a**2 - 14*a - 4. What is w(-14)?
-4
Let w(v) = -v**3 - v**2 + 6. Determine w(-3).
24
Let y(p) = 2*p + 2. What is y(-8)?
-14
Let m(l) = 2*l**2 - 5*l - 16. What is m(-3)?
17
Let v(a) = -a**3 + 3*a + 19. What is v(-3)?
37
Let m(a) = 3*a + 4. What is m(-6)?
-14
Let n(d) = -d**2 - 3*d + 8. What is n(-4)?
4
Let j(t) = -t**3 - 10*t**2 + 6*t + 18. Determine j(-11).
73
Let k(q) = -4*q - 16. Give k(-3).
-4
Let r(h) = h**3 + 32*h**2 - 33*h + 2. Determine r(-33).
2
Let z(o) = -o**3 - 6*o**2 + 4*o - 23. Calculate z(-7).
-2
Let g(s) = -5*s**2 - 7. Determine g(3).
-52
Let g(j) = -14*j**3 - 2*j**2 - j. What is g(-1)?
13
Let z(y) = y**3 + 15*y**2 + 26*y + 1. Calculate z(-13).
1
Let s(f) = f**2 - 6*f + 10. Determine s(7).
17
Let d(g) = -21*g**2. Calculate d(-1).
-21
Let y(k) = -7*k**3 + 1. Calculate y(2).
-55
Let b(w) = 2*w**2 + 5*w + 4. What is b(5)?
79
Let r(u) = 2*u**2 + 22*u + 24. Give r(-10).
4
Let v(r) = r**3 - 5*r**2 + 14*r - 58. Give v(5).
12
Let m(f) = 2*f**2 + f - 3. Determine m(-5).
42
Let x(f) = -f**3 + 17*f**2 - 20*f + 70. Give x(16).
6
Let x(w) = -14*w + 86. Calculate x(6).
2
Let a(i) = -6*i + 13. Give a(4).
-11
Let w(u) = u**2 - 9*u - 448. Determine w(26).
-6
Let z(l) = -37*l**3 + 1. Give z(1).
-36
Let v(t) = 4*t + 52. Give v(-6).
28
Let k(o) = -o**2 + 1. Give k(2).
-3
Let c(y) = -y**2 + 5*y. Give c(5).
0
Let i(t) = -t**3 + 57*t**2 + 7. Determine i(57).
7
Let t(z) = z - 10. What is t(9)?
-1
Let o(d) = d**2 - 2*d - 73. What is o(-9)?
26
Let n(t) = -4*t + 55. What is n(12)?
7
Let n(p) = -p**2 + 6*p - 8. Give n(5).
-3
Let w(y) = -10*y - 76. What is w(-7)?
-6
Let d(c) = 2*c + 8. What is d(-1)?
6
Let v(m) = m**3 - 13*m**2 + 11*m - 3. Give v(12).
-15
Let d(z) = 2*z - 5. Determine d(2).
-1
Let f(i) = i**2 + 5*i. What is f(-5)?
0
Let l(p) = -p**2 + 5*p + 3. Give l(5).
3
Let d(g) = g**3 - 8*g**2 + 7*g + 5. Calculate d(4).
-31
Let u(y) = -28*y - 17. What is u(-1)?
11
Let c(n) = -2*n**2 + 5*n + 22. Calculate c(9).
-95
Let m(s) = 8*s - 6. Give m(0).
-6
Let q(w) = -54*w - 256. Calculate q(-5).
14
Let i(p) = -2*p**3 - 4*p**2 - 6*p - 6. Determine i(-2).
6
Let k(l) = -l**3 + l**2 + 4. Determine k(-2).
16
Let g(c) = c**2 + 5*c - 20. What is g(-6)?
-14
Let k(o) = -2*o**3 - 3*o**2 - 11*o - 54. What is k(-3)?
6
Let d(t) = -t**3 + 9*t**2 - 9*t + 9. Determine d(8).
1
Let q(y) = -8*y + 71. Give q(7).
15
Let u(c) = -2*c**3 - 5*c**2 - 3*c - 10. Give u(-4).
50
Let q(u) = u**3 + u**2 - u - 12. What is q(0)?
-12
Let j(b) = b**3 + b**2 + 3*b - 15. Calculate j(0).
-15
Let a(m) = 4*m**3 - 2*m**2 + 2*m - 1. Determine a(1).
3
Let k(n) = -n**3 - 6*n**2 - 7*n - 6. Give k(-4).
-10
Let d(v) = v**2 + 10*v - 11. Calculate d(-12).
13
Let f(n) = n**3 + 45*n**2 + 5*n + 242. Calculate f(-45).
17
Let i(l) = -4*l**3 - l**2 + 5*l - 5. Calculate i(2).
-31
Let b(r) = -48*r - 2. Determine b(-2).
94
Let w(n) = 3*n + 34. Calculate w(-9).
7
Let j(a) = 2*a + 119. Calculate j(-40).
39
Let x(t) = t**2 + 7*t + 3. Determine x(-8).
11
Let d(h) = h**2 + 19*h + 6. Determine d(-18).
-12
Let d(u) = 2*u**3 - u**2 + 4. What is d(3)?
49
Let n(p) = p**3 - 6*p**2 - 2*p + 3. Calculate n(-1).
-2
Let p(i) = i**2 - 6*i - 3. Calculate p(7).
4
Let s(q) = -3*q**2 - 12*q - 2. Determine s(-8).
-98
Let x(l) = -l**3 - 16*l**2 - 30*l - 30. Give x(-14).
-2
Let c(u) = u**3 - u**2 - 15*u + 23. What is c(4)?
11
Let f(g) = 8*g**2 - g - 1. Calculate f(